{"id":1531,"date":"2023-10-23T10:28:54","date_gmt":"2023-10-23T08:28:54","guid":{"rendered":"https:\/\/www.postamarcucci.it\/fahrad-verleih\/"},"modified":"2024-04-15T09:16:55","modified_gmt":"2024-04-15T07:16:55","slug":"fahrad-verleih","status":"publish","type":"page","link":"https:\/\/www.lapostahotel.it\/de\/fahrad-verleih\/","title":{"rendered":"Fahrad verleih"},"content":{"rendered":"<div class=\"wpb-content-wrapper\"><p>[vc_row full_width=&#8221;stretch_row_content_no_spaces&#8221; content_placement=&#8221;middle&#8221; parallax=&#8221;content-moving&#8221; parallax_image=&#8221;567&#8243; parallax_speed_bg=&#8221;1.3&#8243; css=&#8221;.vc_custom_1698049640802{padding-top: 6em !important;padding-bottom: 6em !important;background-position: 0 0;background-repeat: no-repeat !important;}&#8221;][vc_column width=&#8221;1\/3&#8243;][\/vc_column][vc_column width=&#8221;1\/3&#8243; el_class=&#8221;white-bg-deco&#8221; css=&#8221;.vc_custom_1697724675445{padding-top: 2em !important;padding-right: 2em !important;padding-bottom: 2em !important;padding-left: 2em !important;}&#8221;]<h1 class=\"deco-title centro\"><span>Fahrad verleih<br><mark>Mit dem Fahrrad im Val d'Orcia<\/mark><\/span><\/h1>[vc_column_text]<\/p>\n<p style=\"text-align: center;\">Bagno Vignoni ist ein idealer Ausgangspunkt, um das Val d&#8217;Orcia mit dem Fahrrad zu entdecken. Mittelalterliche D\u00f6rfer von seltener Sch\u00f6nheit, H\u00fcgel, die aneinander reihen und wundervolle Landschaften schaffen, Stra\u00dfen, die am Monte Amiata zusammenlaufen, f\u00fcr diejenigen, die echte Anstiege lieben: Hier gibt es alles, was sich ein Radfahrer w\u00fcnscht. Hier ist es m\u00f6glich, paradiesische Ecken zu entdecken, den Duft der Erde, der Blumen und Pflanzen zu riechen, dem welligen Profil der H\u00fcgel zu folgen, sich von der fr\u00fchen Morgensonne einlullen zu lassen und sich von den Lichtern des Sonnenuntergangs verzaubern zu lassen. Das Radfahren auf den oft verkehrsfreien Stra\u00dfen des Val d&#8217;Orcia ist ein gro\u00dfartiges Erlebnis. Wir machen es f\u00fcr Sie erlebbar.<\/p>\n<p>[\/vc_column_text][\/vc_column][vc_column width=&#8221;1\/3&#8243;][\/vc_column][\/vc_row][vc_row][vc_column][vc_empty_space][\/vc_column][\/vc_row][vc_row full_width=&#8221;stretch_row_content_no_spaces&#8221; css=&#8221;.vc_custom_1697730243315{padding-top: 4em !important;padding-bottom: 4em !important;}&#8221;][vc_column width=&#8221;1\/3&#8243;][\/vc_column][vc_column width=&#8221;1\/3&#8243;]<h2 class=\"deco-title centro\"><span>Wir verleihen Fahrr\u00e4der an alle, auch an Kinder<\/span><\/h2>[vc_column_text]<\/p>\n<p style=\"text-align: center;\">Nur einen Steinwurf von unserem Haus entfernt haben wir eine Mietstation, die t\u00e4glich von 9.00 bis 18.00 Uhr ohne Pause ge\u00f6ffnet ist. Wir bieten Erwachsenen, Jugendlichen und Kindern die M\u00f6glichkeit, Fahrr\u00e4der f\u00fcr den ganzen Tag oder f\u00fcr halbe Tage sowohl morgens als auch nachmittags zu mieten, mit garantiertem Wasch- und Reparaturservice.<\/p>\n<p>[\/vc_column_text][\/vc_column][vc_column width=&#8221;1\/3&#8243;][\/vc_column][\/vc_row][vc_row][vc_column][vc_empty_space][\/vc_column][\/vc_row][vc_row full_width=&#8221;stretch_row_content_no_spaces&#8221; parallax=&#8221;content-moving&#8221; parallax_image=&#8221;576&#8243; parallax_speed_bg=&#8221;1.3&#8243; css=&#8221;.vc_custom_1698049627985{padding-top: 6em !important;padding-bottom: 6em !important;}&#8221;][vc_column width=&#8221;1\/3&#8243;][\/vc_column][vc_column width=&#8221;1\/3&#8243; el_class=&#8221;white-bg-deco&#8221; css=&#8221;.vc_custom_1697728505593{padding-top: 2em !important;padding-right: 2em !important;padding-bottom: 2em !important;padding-left: 2em !important;}&#8221;]<h2 class=\"deco-title centro\"><span>Die Fahrr\u00e4der der Bagno Vignoni Ciclofficine<br><mark>E-Bike<\/mark><\/span><\/h2>[vc_column_text css=&#8221;&#8221;]<\/p>\n<p style=\"text-align: center;\">E-Bikes garantieren maximalen Fahrspa\u00df auf allen Stra\u00dfenbel\u00e4gen. Durch die Bergaufunterst\u00fctzung sind sie ideal f\u00fcr die ganze Familie.<\/p>\n<p style=\"text-align: center;\"><strong>Preise:<\/strong><br \/>\n40 Euro den ganzen Tag<\/p>\n<p>[\/vc_column_text][\/vc_column][vc_column width=&#8221;1\/3&#8243;][\/vc_column][\/vc_row][vc_row][vc_column][vc_empty_space][\/vc_column][\/vc_row][vc_row][vc_column][vc_media_grid grid_id=&#8221;vc_gid:1713165350169-2828ddc9-ad59-6&#8243; include=&#8221;576,570,567,564,561&#8243;][\/vc_column][\/vc_row]<\/p>\n<\/div>","protected":false},"excerpt":{"rendered":"<p>[vc_row full_width=&#8221;stretch_row_content_no_spaces&#8221; content_placement=&#8221;middle&#8221; parallax=&#8221;content-moving&#8221; parallax_image=&#8221;567&#8243; parallax_speed_bg=&#8221;1.3&#8243; css=&#8221;.vc_custom_1698049640802{padding-top: 6em !important;padding-bottom: 6em !important;background-position: 0 0;background-repeat: no-repeat !important;}&#8221;][vc_column width=&#8221;1\/3&#8243;][\/vc_column][vc_column width=&#8221;1\/3&#8243; el_class=&#8221;white-bg-deco&#8221; css=&#8221;.vc_custom_1697724675445{padding-top: 2em !important;padding-right: 2em !important;padding-bottom: 2em !important;padding-left: 2em !important;}&#8221;][vc_column_text] Bagno Vignoni ist ein idealer Ausgangspunkt, um das Val d&#8217;Orcia mit dem Fahrrad zu entdecken. Mittelalterliche D\u00f6rfer von seltener Sch\u00f6nheit, H\u00fcgel, die aneinander reihen und wundervolle Landschaften schaffen, [&hellip;]<\/p>\n","protected":false},"author":1,"featured_media":0,"parent":0,"menu_order":0,"comment_status":"closed","ping_status":"closed","template":"","meta":{"_acf_changed":false,"footnotes":""},"class_list":["post-1531","page","type-page","status-publish","hentry"],"acf":[],"yoast_head":"<!-- This site is optimized with the Yoast SEO plugin v27.5 - https:\/\/yoast.com\/product\/yoast-seo-wordpress\/ -->\n<title>Fahrad verleih | Hotel La Posta | Val D&#039;Orcia | Toscana<\/title>\n<meta name=\"description\" content=\"Fahrad verleih | Hotel La Posta | Val D&#039;Orcia | Toscana\" \/>\n<meta name=\"robots\" content=\"index, follow, max-snippet:-1, max-image-preview:large, max-video-preview:-1\" \/>\n<link rel=\"canonical\" href=\"https:\/\/www.lapostahotel.it\/de\/fahrad-verleih\/\" \/>\n<meta property=\"og:locale\" content=\"de_DE\" \/>\n<meta property=\"og:type\" content=\"article\" \/>\n<meta property=\"og:title\" content=\"Fahrad verleih | Hotel La Posta | Val D&#039;Orcia | Toscana\" \/>\n<meta property=\"og:description\" content=\"Fahrad verleih | Hotel La Posta | Val D&#039;Orcia | Toscana\" \/>\n<meta property=\"og:url\" content=\"https:\/\/www.lapostahotel.it\/de\/fahrad-verleih\/\" \/>\n<meta property=\"og:site_name\" content=\"La Posta Hotel\" \/>\n<meta property=\"article:publisher\" content=\"https:\/\/www.facebook.com\/albergopostamarcucci\" \/>\n<meta property=\"article:modified_time\" content=\"2024-04-15T07:16:55+00:00\" \/>\n<meta property=\"og:image\" content=\"https:\/\/www.lapostahotel.it\/wp-content\/uploads\/2025\/01\/la-posta-hotel-val-dorcia-toscana-social-1200x675-alt.jpg\" \/>\n\t<meta property=\"og:image:width\" content=\"1200\" \/>\n\t<meta property=\"og:image:height\" content=\"675\" \/>\n\t<meta property=\"og:image:type\" content=\"image\/jpeg\" \/>\n<meta name=\"twitter:card\" content=\"summary_large_image\" \/>\n<meta name=\"twitter:label1\" content=\"Gesch\u00e4tzte Lesezeit\" \/>\n\t<meta name=\"twitter:data1\" content=\"2\u00a0Minuten\" \/>\n<!-- \/ Yoast SEO plugin. -->","yoast_head_json":{"title":"Fahrad verleih | Hotel La Posta | Val D'Orcia | Toscana","description":"Fahrad verleih | Hotel La Posta | Val D'Orcia | Toscana","robots":{"index":"index","follow":"follow","max-snippet":"max-snippet:-1","max-image-preview":"max-image-preview:large","max-video-preview":"max-video-preview:-1"},"canonical":"https:\/\/www.lapostahotel.it\/de\/fahrad-verleih\/","og_locale":"de_DE","og_type":"article","og_title":"Fahrad verleih | Hotel La Posta | Val D'Orcia | Toscana","og_description":"Fahrad verleih | Hotel La Posta | Val D'Orcia | Toscana","og_url":"https:\/\/www.lapostahotel.it\/de\/fahrad-verleih\/","og_site_name":"La Posta Hotel","article_publisher":"https:\/\/www.facebook.com\/albergopostamarcucci","article_modified_time":"2024-04-15T07:16:55+00:00","og_image":[{"width":1200,"height":675,"url":"https:\/\/www.lapostahotel.it\/wp-content\/uploads\/2025\/01\/la-posta-hotel-val-dorcia-toscana-social-1200x675-alt.jpg","type":"image\/jpeg"}],"twitter_card":"summary_large_image","twitter_misc":{"Gesch\u00e4tzte Lesezeit":"2\u00a0Minuten"},"schema":{"@context":"https:\/\/schema.org","@graph":[{"@type":"WebPage","@id":"https:\/\/www.lapostahotel.it\/de\/fahrad-verleih\/","url":"https:\/\/www.lapostahotel.it\/de\/fahrad-verleih\/","name":"Fahrad verleih | Hotel La Posta | Val D'Orcia | Toscana","isPartOf":{"@id":"https:\/\/www.lapostahotel.it\/de\/#website"},"datePublished":"2023-10-23T08:28:54+00:00","dateModified":"2024-04-15T07:16:55+00:00","description":"Fahrad verleih | Hotel La Posta | Val D'Orcia | Toscana","breadcrumb":{"@id":"https:\/\/www.lapostahotel.it\/de\/fahrad-verleih\/#breadcrumb"},"inLanguage":"de","potentialAction":[{"@type":"ReadAction","target":["https:\/\/www.lapostahotel.it\/de\/fahrad-verleih\/"]}]},{"@type":"BreadcrumbList","@id":"https:\/\/www.lapostahotel.it\/de\/fahrad-verleih\/#breadcrumb","itemListElement":[{"@type":"ListItem","position":1,"name":"Home","item":"https:\/\/www.lapostahotel.it\/de\/"},{"@type":"ListItem","position":2,"name":"Fahrad verleih"}]},{"@type":"WebSite","@id":"https:\/\/www.lapostahotel.it\/de\/#website","url":"https:\/\/www.lapostahotel.it\/de\/","name":"La Posta","description":"Hotel &amp; Thermal spa","publisher":{"@id":"https:\/\/www.lapostahotel.it\/de\/#organization"},"alternateName":"Hotel La Posta","potentialAction":[{"@type":"SearchAction","target":{"@type":"EntryPoint","urlTemplate":"https:\/\/www.lapostahotel.it\/de\/?s={search_term_string}"},"query-input":{"@type":"PropertyValueSpecification","valueRequired":true,"valueName":"search_term_string"}}],"inLanguage":"de"},{"@type":"Organization","@id":"https:\/\/www.lapostahotel.it\/de\/#organization","name":"La Posta","alternateName":"Hotel La Posta","url":"https:\/\/www.lapostahotel.it\/de\/","logo":{"@type":"ImageObject","inLanguage":"de","@id":"https:\/\/www.lapostahotel.it\/de\/#\/schema\/logo\/image\/","url":"https:\/\/www.lapostahotel.it\/wp-content\/uploads\/2025\/01\/la-posta-hotel-val-dorcia-toscana-900x900-1.jpg","contentUrl":"https:\/\/www.lapostahotel.it\/wp-content\/uploads\/2025\/01\/la-posta-hotel-val-dorcia-toscana-900x900-1.jpg","width":900,"height":900,"caption":"La Posta"},"image":{"@id":"https:\/\/www.lapostahotel.it\/de\/#\/schema\/logo\/image\/"},"sameAs":["https:\/\/www.facebook.com\/albergopostamarcucci","https:\/\/www.instagram.com\/albergopostamarcucci\/"]}]}},"_links":{"self":[{"href":"https:\/\/www.lapostahotel.it\/de\/wp-json\/wp\/v2\/pages\/1531","targetHints":{"allow":["GET"]}}],"collection":[{"href":"https:\/\/www.lapostahotel.it\/de\/wp-json\/wp\/v2\/pages"}],"about":[{"href":"https:\/\/www.lapostahotel.it\/de\/wp-json\/wp\/v2\/types\/page"}],"author":[{"embeddable":true,"href":"https:\/\/www.lapostahotel.it\/de\/wp-json\/wp\/v2\/users\/1"}],"replies":[{"embeddable":true,"href":"https:\/\/www.lapostahotel.it\/de\/wp-json\/wp\/v2\/comments?post=1531"}],"version-history":[{"count":3,"href":"https:\/\/www.lapostahotel.it\/de\/wp-json\/wp\/v2\/pages\/1531\/revisions"}],"predecessor-version":[{"id":2214,"href":"https:\/\/www.lapostahotel.it\/de\/wp-json\/wp\/v2\/pages\/1531\/revisions\/2214"}],"wp:attachment":[{"href":"https:\/\/www.lapostahotel.it\/de\/wp-json\/wp\/v2\/media?parent=1531"}],"curies":[{"name":"wp","href":"https:\/\/api.w.org\/{rel}","templated":true}]}}

<div class="wpb-content-wrapper"><p>[vc_row full_width=&#8221;stretch_row_content_no_spaces&#8221; content_placement=&#8221;middle&#8221; parallax=&#8221;content-moving&#8221; parallax_image=&#8221;567&#8243; parallax_speed_bg=&#8221;1.3&#8243; css=&#8221;.vc_custom_1698049640802{padding-top: 6em !important;padding-bottom: 6em !important;background-position: 0 0;background-repeat: no-repeat !important;}&#8221;][vc_column width=&#8221;1/3&#8243;][/vc_column][vc_column width=&#8221;1/3&#8243; el_class=&#8221;white-bg-deco&#8221; css=&#8221;.vc_custom_1697724675445{padding-top: 2em !important;padding-right: 2em !important;padding-bottom: 2em !important;padding-left: 2em !important;}&#8221;]<h1 class="deco-title centro"><span>Fahrad verleih<br><mark>Mit dem Fahrrad im Val d'Orcia</mark></span></h1>[vc_column_text]</p>
<p style="text-align: center;">Bagno Vignoni ist ein idealer Ausgangspunkt, um das Val d&#8217;Orcia mit dem Fahrrad zu entdecken. Mittelalterliche Dörfer von seltener Schönheit, Hügel, die aneinander reihen und wundervolle Landschaften schaffen, Straßen, die am Monte Amiata zusammenlaufen, für diejenigen, die echte Anstiege lieben: Hier gibt es alles, was sich ein Radfahrer wünscht. Hier ist es möglich, paradiesische Ecken zu entdecken, den Duft der Erde, der Blumen und Pflanzen zu riechen, dem welligen Profil der Hügel zu folgen, sich von der frühen Morgensonne einlullen zu lassen und sich von den Lichtern des Sonnenuntergangs verzaubern zu lassen. Das Radfahren auf den oft verkehrsfreien Straßen des Val d&#8217;Orcia ist ein großartiges Erlebnis. Wir machen es für Sie erlebbar.</p>
<p>[/vc_column_text][/vc_column][vc_column width=&#8221;1/3&#8243;][/vc_column][/vc_row][vc_row][vc_column][vc_empty_space][/vc_column][/vc_row][vc_row full_width=&#8221;stretch_row_content_no_spaces&#8221; css=&#8221;.vc_custom_1697730243315{padding-top: 4em !important;padding-bottom: 4em !important;}&#8221;][vc_column width=&#8221;1/3&#8243;][/vc_column][vc_column width=&#8221;1/3&#8243;]<h2 class="deco-title centro"><span>Wir verleihen Fahrräder an alle, auch an Kinder</span></h2>[vc_column_text]</p>
<p style="text-align: center;">Nur einen Steinwurf von unserem Haus entfernt haben wir eine Mietstation, die täglich von 9.00 bis 18.00 Uhr ohne Pause geöffnet ist. Wir bieten Erwachsenen, Jugendlichen und Kindern die Möglichkeit, Fahrräder für den ganzen Tag oder für halbe Tage sowohl morgens als auch nachmittags zu mieten, mit garantiertem Wasch- und Reparaturservice.</p>
<p>[/vc_column_text][/vc_column][vc_column width=&#8221;1/3&#8243;][/vc_column][/vc_row][vc_row][vc_column][vc_empty_space][/vc_column][/vc_row][vc_row full_width=&#8221;stretch_row_content_no_spaces&#8221; parallax=&#8221;content-moving&#8221; parallax_image=&#8221;576&#8243; parallax_speed_bg=&#8221;1.3&#8243; css=&#8221;.vc_custom_1698049627985{padding-top: 6em !important;padding-bottom: 6em !important;}&#8221;][vc_column width=&#8221;1/3&#8243;][/vc_column][vc_column width=&#8221;1/3&#8243; el_class=&#8221;white-bg-deco&#8221; css=&#8221;.vc_custom_1697728505593{padding-top: 2em !important;padding-right: 2em !important;padding-bottom: 2em !important;padding-left: 2em !important;}&#8221;]<h2 class="deco-title centro"><span>Die Fahrräder der Bagno Vignoni Ciclofficine<br><mark>E-Bike</mark></span></h2>[vc_column_text css=&#8221;&#8221;]</p>
<p style="text-align: center;">E-Bikes garantieren maximalen Fahrspaß auf allen Straßenbelägen. Durch die Bergaufunterstützung sind sie ideal für die ganze Familie.</p>
<p style="text-align: center;"><strong>Preise:</strong><br />
40 Euro den ganzen Tag</p>
<p>[/vc_column_text][/vc_column][vc_column width=&#8221;1/3&#8243;][/vc_column][/vc_row][vc_row][vc_column][vc_empty_space][/vc_column][/vc_row][vc_row][vc_column][vc_media_grid grid_id=&#8221;vc_gid:1713165350169-2828ddc9-ad59-6&#8243; include=&#8221;576,570,567,564,561&#8243;][/vc_column][/vc_row]</p>
</div>

<p>[vc_row full_width=&#8221;stretch_row_content_no_spaces&#8221; content_placement=&#8221;middle&#8221; parallax=&#8221;content-moving&#8221; parallax_image=&#8221;567&#8243; parallax_speed_bg=&#8221;1.3&#8243; css=&#8221;.vc_custom_1698049640802{padding-top: 6em !important;padding-bottom: 6em !important;background-position: 0 0;background-repeat: no-repeat !important;}&#8221;][vc_column width=&#8221;1/3&#8243;][/vc_column][vc_column width=&#8221;1/3&#8243; el_class=&#8221;white-bg-deco&#8221; css=&#8221;.vc_custom_1697724675445{padding-top: 2em !important;padding-right: 2em !important;padding-bottom: 2em !important;padding-left: 2em !important;}&#8221;][vc_column_text] Bagno Vignoni ist ein idealer Ausgangspunkt, um das Val d&#8217;Orcia mit dem Fahrrad zu entdecken. Mittelalterliche Dörfer von seltener Schönheit, Hügel, die aneinander reihen und wundervolle Landschaften schaffen, [&hellip;]</p>

<!-- This site is optimized with the Yoast SEO plugin v27.5 - https://yoast.com/product/yoast-seo-wordpress/ -->
<title>Fahrad verleih | Hotel La Posta | Val D&#039;Orcia | Toscana</title>
<meta name="description" content="Fahrad verleih | Hotel La Posta | Val D&#039;Orcia | Toscana" />
<meta name="robots" content="index, follow, max-snippet:-1, max-image-preview:large, max-video-preview:-1" />
<link rel="canonical" href="https://www.lapostahotel.it/de/fahrad-verleih/" />
<meta property="og:locale" content="de_DE" />
<meta property="og:type" content="article" />
<meta property="og:title" content="Fahrad verleih | Hotel La Posta | Val D&#039;Orcia | Toscana" />
<meta property="og:description" content="Fahrad verleih | Hotel La Posta | Val D&#039;Orcia | Toscana" />
<meta property="og:url" content="https://www.lapostahotel.it/de/fahrad-verleih/" />
<meta property="og:site_name" content="La Posta Hotel" />
<meta property="article:publisher" content="https://www.facebook.com/albergopostamarcucci" />
<meta property="article:modified_time" content="2024-04-15T07:16:55+00:00" />
<meta property="og:image" content="https://www.lapostahotel.it/wp-content/uploads/2025/01/la-posta-hotel-val-dorcia-toscana-social-1200x675-alt.jpg" />
	<meta property="og:image:width" content="1200" />
	<meta property="og:image:height" content="675" />
	<meta property="og:image:type" content="image/jpeg" />
<meta name="twitter:card" content="summary_large_image" />
<meta name="twitter:label1" content="Geschätzte Lesezeit" />
	<meta name="twitter:data1" content="2 Minuten" />
<!-- / Yoast SEO plugin. -->
